 30. Let n(s) = -3*s**3 - 3*s**2 + s + 2. Let a(d) = 7*d**3 + 6*d**2 - 4*d - 6. Let l(b) = -2*a(b) - 5*n(b). Give l(y).
0
Let c be 4/(-6) - 238/(-42). Let x be ((-4)/c)/((-6)/90). Let w(k) = -k**3 + 13*k**2 - 11*k - 14. What is w(x)?
-2
Suppose 0 = 86*w - 364 + 20. Suppose 0*m - o = 4*m - 8, 2*m - o - 10 = 0. Let u(z) = 2*z - z**2 - 2*z**3 - 2 + z**m + 5*z**2. Give u(w).
6
Let x(k) = -5 - 7*k + 5 + k**2. Suppose 4419*a - 258 = 4376*a. Calculate x(a).
-6
Suppose 0 = 6*h - 2*h + 2*s, h - 14 = -4*s. Let r(l) = -8*l + 9. Let w(x) = -11*x + 12. Let k(t) = 3*r(t) - 2*w(t). Determine k(h).
7
Let c(k) = 856040*k**3 - 81 - 856039*k**3 + k - 14*k**2 + 4*k. Calculate c(14).
-11
Let a(b) = -6*b**2 + 100*b + 10. Let o(x) = -3*x**2 + 42*x + 6. Let m(t) = -2*a(t) + 5*o(t). What is m(4)?
2
Let t(h) be the third derivative of 0 + 39*h**2 + 0*h - 1/6*h**4 + 13/3*h**3. Calculate t(5).
6
Let k(m) be the second derivative of 2*m**2 + 2*m + 1/6*m**3 + 29. What is k(5)?
9
Let t(v) = 1066*v + 1071*v + v**3 - 5*v**2 - 3204*v + 1 + 1067*v. What is t(3)?
-17
Let v(g) be the third derivative of 2*g**5/15 + g**4/12 + g**3/3 - 810*g**2. Give v(-1).
8
Let v(m) = -m**3 - 6*m**2 - 4*m - 3. Let z(a) be the third derivative of -23*a**4/24 + 19*a**3/6 + 147*a**2. Let s be z(1). What is v(s)?
-19
Suppose 0 = -4*v + 2*t + 4, -3*v - 2*t = 2*t - 25. Let y(l) = 9*l**3 + 6*l**2 + 10*l**3 - 18*l**v + 8 + 2*l. Let c(a) = -4*a - 2. Let s be c(1). Give y(s).
-4
Let o(p) = 26*p + 8. Let m(n) = 12*n + 4. Suppose -17*z + 28*z = 77. Let w(c) = z*m(c) - 3*o(c). Calculate w(-3).
-14
Let u(l) = 11*l + 65. Suppose 16 = -14*s - 92 + 10. Determine u(s).
-12
Let o(n) = -5*n**2 - 4*n + 3. Suppose 30368 = -20*a + 30388. What is o(a)?
-6
Let z(u) = -38*u - 11 + 22*u + 16*u + 9*u - 7*u**2 + u**3. Determine z(5).
-16
Let s(u) = u**3 + 4*u**2 - 16*u + 7. Let i(a) = a**3 + 5*a**2 - 9*a + 8. Let b(t) = -4*i(t) + 3*s(t). Give b(-6).
-11
Suppose -q + 5*q = 2*s + 10, -3*q + 4*s + 20 = 0. Let p be (q - -1)*3 + -1. Let i(u) = 6*u + 2. Let j(y) = -13*y - 4. Let n(o) = 5*i(o) + 2*j(o). Give n(p).
10
Let r be (-119 - -114) + (-3)/((-6)/20). Let p(o) = 6*o - 9. What is p(r)?
21
Let q = -1935 - -1929. Let p(i) = -i**3 - 3*i**2 + 7*i + 5. Give p(q).
71
Let p(f) = 3*f - 2. Let b(m) = -33*m + 8. Let y(o) = -b(o) - 8*p(o). Give y(-2).
-10
Let t(d) be the second derivative of d**3/6 + d**2/2 - 11*d. Let n(q) = -4*q + 90. Let v be n(22). Suppose 3*i + 2*i = 2*a - v, -12 = 2*a + 2*i. Calculate t(a).
-3
Let n(g) = -g**3 - 7*g**2 + 3*g - 5. Let j be n(0). Let r(p) = -9*p - 10. Let m(a) = -10*a - 11. Let b(l) = -4*m(l) + 5*r(l). What is b(j)?
19
Let r be -1 - (-4 + 7 - (-12)/(-3)). Let t(n) = 25*n - 1 - 11*n - n + r. Calculate t(2).
25
Let n(l) be the first derivative of 5*l**4/12 + l**3/3 - l**2/2 + 72*l + 13. Let k(s) be the first derivative of n(s). Give k(1).
6
Let b(m) be the first derivative of -m**4/4 + 8*m**3/3 + 12*m - 2169. Calculate b(8).
12
Let m(f) = f**2 - 9 + 9 - 6*f. Let c be m(6). Let w(g) be the first derivative of g**3/3 - 15*g - 4640. Determine w(c).
-15
Let o(p) be the first derivative of -p**3/3 + 5*p**2/2 + 8*p - 3. Let r(v) = -v**3 + 28*v**2 + 6*v - 163. Let z be r(28). Calculate o(z).
8
Let v(m) = -m**2 + 92*m + 189. Let d be v(-2). Let a(p) = 7*p**3 - 3*p**2 + 1. Determine a(d).
5
Let b(n) = 14*n - 128. Let o be b(9). Let z(g) = 3*g**3 + 11*g + 11. Let l(q) = 2*q**3 + 6*q + 6. Let h(u) = 5*l(u) - 3*z(u). Calculate h(o).
-5
Let u(h) = h + 18. Let r = -472 - -471. Let v(d) = d - 2. Let a(x) = r*u(x) - 6*v(x). Give a(-5).
29
Let b(s) = -31*s**3 + 19*s - 1. Let p(f) = -f**3 + 3*f. Let u(g) = b(g) - 6*p(g). Suppose -6 = -7*m + m. Give u(m).
-25
Let s(x) = 0*x + 2*x**2 + 0*x**2 + x. Let t = -389 - -392. Suppose -t*a - 5 = 2*a. Determine s(a).
1
Let f(r) = -r**3 - 72*r**2 - 198*r + 627. Let n be f(-69). Let z(i) = -12*i + 15. What is z(n)?
-57
Let k(b) = -2 + 3*b + 0 + 0*b. Suppose 6*t + 2291 + 529 = 0. Let l = -468 - t. Give k(l).
4
Let l(w) = -4*w - 2. Let v be (-2 - 1*-57)/(-14 - -15). Suppose n - 2*n + v = 0. Suppose -6*b - n = 5*b. Calculate l(b).
18
Suppose 20*f - 18*f = 3*s - 1123, -5*s - 2870 = 5*f. Let x = f + 565. Let v(q) = 1. Let t(a) = 2*a. Let h(n) = -t(n) - 2*v(n). Give h(x).
6
Let f = -2 - -9. Let b(w) = 8*w - 37467 - w**2 + 74939 - 37466. Calculate b(f).
13
Let l(i) = -27*i**2 + 11*i - 10. Let p(b) = b**3 + 59*b**2 - 387*b - 17. Let r be p(6). Determine l(r).
-26
Let z(w) be the third derivative of 2*w**2 + 75 - 1/60*w**5 - 2/3*w**3 + 1/3*w**4 + 0*w. Let c = 9 - 4. Determine z(c).
11
Suppose 23*c - 16 = 15*c. Let q(u) = u + c*u - 69 + 68. Give q(1).
2
Let w = 21 - 27. Let g(q) be the second derivative of 1/20*q**5 + 5/12*q**4 + 0 - 5/6*q**3 + 7/2*q**2 + 5*q. What is g(w)?
1
Let z(d) = -2*d - 21. Let h(v) = -7*v**2 - 61*v + 81. Let p be h(-10). Determine z(p).
-3
Let k(d) = 35*d + 352. Let f be k(-10). Let x(u) = -7*u**3 + 7 - 2*u - 9*u**2 - 5*u**2 + 7*u**f + 8*u**3. Give x(8).
55
Let x(u) = 7*u - 2. Let k(w) = w + 11. Let j(q) = q + 11. Let h(d) = -4*j(d) + 5*k(d). Let a be h(-9). Give x(a).
12
Let t(v) = 6*v - 5*v + 2*v - 42 + v. What is t(10)?
-2
Let s(z) = -9*z**2 + z. Let n(u) = 102*u**2 - 5*u - 1. Let b(f) = n(f) + 3*s(f). Calculate b(-1).
76
Let t(m) = -m**3 + 3*m**2 - m + 4. Let a = 165 - 105. Let v = -57 + a. What is t(v)?
1
Let r(x) = -1697*x + 276 + 1699*x - 282. Let s be (-5 + 2)/((-3)/5). What is r(s)?
4
Let k be -1 + 2 + (-9)/(-18)*-14. Let p(r) = 4*r + 3. Let f(c) = c. Let d(x) = 3*f(x) - p(x). Calculate d(k).
3
Let u(v) be the first derivative of -v**4/4 + 7*v**3/3 - 4*v**2 + 4*v + 2. Let x = -44 + 45. Let z(o) = 6*o**2 + 4*o - 4. Let p be z(x). What is u(p)?
-8
Let p(b) = b + 9. Let j be p(-7). Let m(d) = -d**2 - j - 3*d**2 + 3*d**2 - 3 + 6*d. Suppose w = 4*w + 15, 3*l - 35 = 4*w. Calculate m(l).
0
Let g(b) = -b + 1. Let s be ((-30)/12 - -6)/(1/2). Suppose -8*o = s - 47. Determine g(o).
-4
Let u = 0 + 1. Let n(z) = 51*z - 6. Let i(o) = 38*o - 5. Let t(b) = 5*i(b) - 4*n(b). Calculate t(u).
-15
Let c = 42 + -96. Let m = 63 + c. Let s(k) = -33*k + 32*k - 1 + m - 4. Determine s(6).
-2
Suppose -5*k = -4 - 6. Let n(c) = c**3 + 47*c**2 - 44*c + 197. Let i be n(-48). Let x(o) = 2 - i*o + k + 6*o. Calculate x(0).
4
Let t(o) = 5*o + 2. Let l(s) = 10*s + 4. Let f(x) = 3*l(x) - 5*t(x). Let b(a) = 3*a + 4. Let j be b(-2). Give f(j).
-8
Let j = -249 + 252. Let i(d) = -4 - 2*d - j - 10*d + d**2 - 3. What is i(12)?
-10
Let s(k) = -73*k**2 + k. Let i(l) = -18*l**2. Let n(f) = 13*i(f) - 3*s(f). What is n(1)?
-18
Let s(j) = -5*j - 1. Let b(m) = -14*m - 4. Let l(o) = 6*b(o) - 17*s(o). Let x be (-10)/(-2) + (-112)/28. Let t be (-1 - (-2)/x) + (-10)/(-2). Calculate l(t).
-1
Suppose 3*h - 4*n - 16 = 0, n + 21 = -2*n. Let d(j) = 66*j + 257. Determine d(h).
-7
Let m(k) = -60 - 79 - k**2 + 8*k - 75 + 196. Give m(3).
-3
Let s(w) = 10*w + 126. Let b(y) = 21*y + 275. Let n(o) = -3*b(o) + 7*s(o). What is n(-8)?
1
Let r(u) be the first derivative of -u**4/4 - u**3 + u + 1618. Calculate r(-3).
1
Let h(a) = -23 + 12 + 31*a + 62 + 52 + 17. Calculate h(-4).
-4
Let m = -3 - -2. Let q(h) = -4213*h - 5. Let w(l) = 5622*l + 6. Let s(k) = -4*q(k) - 3*w(k). Give s(m).
16
Suppose -4*s + 3 = 19. Let a(b) = 2*b**2 - 4*b - 2. Let v(f) = -5*f - 2. Let w(x) = s*a(x) + 3*v(x). Give w(-1).
-7
Let a(b) be the third derivative of 0*b + 2/3*b**3 + 1/24*b**4 + 0 + 43*b**2. Suppose 0*m + 17 = -5*m + 2*y, 5*m + y + 29 = 0. What is a(m)?
-1
Let s(y) = 7 + 7*y + 3 - 2*y**2 + 8*y**2 + y**3 - 5. Let x = 196574 - 196579. Calculate s(x).
-5
Suppose 0 = -2*q + 3*b + 4, -4*b - 58 = 2*q - 90. Let r(s) = -5*s - 8. Let c(k) = -4*k - 7. Let n(x) = -6*c(x) + 5*r(x). Give n(q).
-6
Let t(q) = 100*q - 172. Let g(n) = -105*n + 174. Let z(d) = -4*g(d) - 5*t(d). Determine z(2).
4
Let f = -72 - -76. Suppose 0 = -f*q - m - 29, -13*m + 31 = -5*q - 16*m. Let r(d) = -d**2 - 11*d - 9. Calculate r(q).
15
Let z(c) be the second derivative of 2*c**3 - 49*c - 11/2*c**2 + 0 - 1/20*c**5 - c**4. Calculate z(-13).
2
Let d(x) be the first derivative of -159 + 10*x - 9*x - 10*x - 6 + 2*x**2. Calculate d(4).
7
Let z(j) = -j - 2. Let r be z(6). Suppose 4*b + 3*d - 12 = 0, -3*b - 30*d + 32*d - 8 = 0. Let a(t) = 2 + 56*t + b + 5 + 3 - 55*t. Determine a(r).
2
Let 